t common factor of 6188098 and 14?
14
Calculate the highest common factor of 66 and 59433.
33
Calculate the highest common divisor of 1850592 and 40.
8
Calculate the greatest common divisor of 2985 and 4230.
15
What is the highest common factor of 119860 and 40?
20
What is the highest common factor of 146944 and 19936?
224
Calculate the greatest common factor of 13 and 435357.
13
What is the greatest common factor of 44937 and 63?
9
Calculate the highest common factor of 11936 and 864.
32
Calculate the highest common factor of 177 and 57.
3
Calculate the highest common divisor of 3688 and 1816.
8
What is the greatest common divisor of 9 and 5576418?
9
Calculate the highest common factor of 208 and 150736.
16
Calculate the highest common factor of 879 and 7123416.
879
What is the highest common divisor of 967338 and 144?
18
Calculate the highest common factor of 73048 and 7176.
184
What is the highest common divisor of 48 and 1028?
4
Calculate the highest common divisor of 3 and 49299.
3
Calculate the highest common divisor of 70798 and 234.
26
What is the greatest common divisor of 32318 and 3614?
26
What is the greatest common factor of 300 and 41136?
12
What is the greatest common divisor of 1023 and 462?
33
What is the highest common factor of 7749 and 2009?
287
Calculate the greatest common divisor of 2916 and 20316.
12
Calculate the greatest common factor of 1984 and 2240.
64
What is the greatest common divisor of 643958 and 42?
14
Calculate the highest common divisor of 27344 and 16.
16
Calculate the greatest common divisor of 3026 and 4658.
34
What is the greatest common divisor of 91 and 163124?
13
What is the greatest common divisor of 4624 and 24?
8
What is the greatest common divisor of 46 and 5697859?
23
What is the highest common factor of 71950 and 160?
10
What is the highest common divisor of 76 and 453796?
76
Calculate the highest common factor of 18 and 5544.
18
Calculate the greatest common factor of 742 and 44626.
106
Calculate the highest common divisor of 5971 and 2422.
7
What is the highest common factor of 1156 and 3319454?
578
What is the greatest common divisor of 44672 and 45719?
349
Calculate the highest common divisor of 1862 and 230986.
98
Calculate the highest common factor of 1398870 and 20790.
2970
Calculate the highest common divisor of 363 and 1395735.
363
What is the highest common divisor of 25576 and 11224?
184
Calculate the greatest common factor of 31200 and 5226.
78
What is the greatest common divisor of 30847 and 1417?
109
Calculate the highest common factor of 810 and 61920.
90
What is the greatest common divisor of 2691 and 10281?
69
What is the greatest common factor of 648 and 18072?
72
What is the highest common divisor of 134615 and 741?
247
Calculate the greatest common divisor of 268 and 439051.
67
Calculate the highest common divisor of 7324525 and 4030.
2015
Calculate the greatest common divisor of 52192 and 8.
8
What is the greatest common divisor of 1815 and 21315?
15
What is the highest common factor of 3361880 and 40?
40
What is the greatest common divisor of 5876 and 1534?
26
Calculate the highest common factor of 922000 and 1000.
1000
Calculate the highest common factor of 3811 and 122581.
37
What is the greatest common factor of 53827 and 589?
19
What is the highest common factor of 7365 and 75?
15
Calculate the highest common divisor of 1611 and 37769.
179
Calculate the greatest common factor of 5762 and 4558.
86
What is the greatest common divisor of 5119443 and 567?
567
Calculate the highest common divisor of 933 and 583125.
933
What is the highest common factor of 2093 and 1453140?
299
What is the greatest common divisor of 289 and 114733?
289
What is the greatest common factor of 215118 and 51?
51
What is the greatest common divisor of 5145324 and 12?
12
Calculate the highest common divisor of 73 and 94097.
73
What is the highest common divisor of 671222 and 218?
218
Calculate the greatest common factor of 230 and 246330.
230
Calculate the greatest common factor of 58765 and 1955.
115
What is the greatest common divisor of 26 and 1050530?
26
Calculate the greatest common factor of 14 and 1953.
7
What is the highest common divisor of 360576 and 336?
48
Calculate the highest common divisor of 897 and 667.
23
Calculate the greatest common factor of 26104 and 16.
8
What is the greatest common divisor of 1837 and 23213?
167
What is the greatest common divisor of 6 and 27728?
2
What is the highest common factor of 124443 and 110?
11
Calculate the greatest common divisor of 4092 and 314061.
1023
What is the highest common divisor of 3895 and 2755?
95
What is the greatest common divisor of 58 and 1458787?
29
Calculate the highest common factor of 1848037 and 1033.
1033
What is the highest common factor of 148045 and 55?
5
Calculate the highest common divisor of 9234 and 209.
19
What is the greatest common divisor of 220 and 1290795?
55
What is the highest common factor of 104060 and 2057?
121
Calculate the highest common divisor of 1764 and 3682.
14
Calculate the highest common divisor of 9228 and 276.
12
What is the highest common divisor of 3140 and 95?
5
What is the highest common divisor of 103 and 4314979?
103
What is the highest common divisor of 129 and 194059?
43
What is the highest common divisor of 136 and 7904?
8
Calculate the greatest common divisor of 2072 and 53428.
148
Calculate the highest common factor of 147 and 2876055.
147
Calculate the highest common factor of 63 and 4718.
7
Calculate the highest common factor of 6526 and 520.
26
Calculate the greatest common divisor of 2781 and 9531.
27
Calculate the highest common factor of 78 and 115791.
39
What is the greatest common divisor of 88 and 1005796?
44
Calculate the highest common divisor of 448756 and 3410.
682
What is the highest common factor of 423 and 13743693?
423
Calculate the highest common divisor of 52 and 455.
13
What is the greatest common divisor of 480 and 3570?
30
What is the greatest common factor of 147760 and 256?
16
What is the greatest common divisor of 94 and 1654?
2
Calculate the highest common factor of 732 and 68340.
12
Calculate the highest common factor of 100 and 96308.
4
Calculate the highest common divisor of 8 and 107976.
8
What is the greatest common factor of 535 and 942349?
107
Calculate the highest common factor of 66768 and 12.
12
What is the greatest common divisor of 1185 and 25359?
237
Calculate the greatest common factor of 77 and 26829.
11
What is the highest common factor of 3861 and 624?
39
What is the highest common divisor of 308 and 11452?
28
What is the highest common factor of 3116 and 6386242?
1558
What is the highest common divisor of 8968 and 646?
38
Calculate the greatest common divisor of 34 and 497131.
17
What is the highest common divisor of 1092 and 65156?
364
Calculate the greatest common factor of 3333284 and 38.
38
Calculate the highest common factor of 106459 and 87.
29
What is the highest common divisor of 2994 and 162?
6
Calculate the greatest common factor of 7287 and 28.
7
What is the greatest common factor of 689 and 6784?
53
What is the greatest common divisor of 410201 and 11?
11
Calculate the greatest common factor of 64106 and 42.
14
What is the greatest common divisor of 6867 and 441?
63
Calculate the greatest common factor of 1767 and 8928.
93
Calculate the greatest common divisor of 400 and 21650.
50
What is the highest common factor of 98 and 978971?
49
What is the greatest common factor of 336 and 747996?
12
What is the highest common factor of 1224 and 2107048?
136
What is the highest common factor of 33328 and 464?
16
What is the highest common factor of 6279 and 1001949?
897
Calculate the greatest common factor of 817116 and 596.
596
What is the highest common divisor of 747353 and 236?
59
What is the greatest common factor of 22 and 7660433?
11
What is the highest common divisor of 36844 and 151?
151
Calculate the highest common factor of 1331 and 4103.
11
What is the highest common factor of 330624 and 105?
21
What is the greatest common divisor of 1445 and 54995?
85
Calculate the greatest common factor of 5865 and 480585.
345
What is the greatest common factor of 160 and 106990?
10
What is the highest common divisor of 239 and 1041801?
23